termine v(n).
-4
Let y(j) be the third derivative of -j**6/120 - j**5/20 + j**4/8 - 5*j**3/6 + j**2. Let u(w) = -w**2 - 2*w - 1. Let z be u(-3). Calculate y(z).
-1
Let d(p) = -p**2 - 3*p - 2. Suppose -4*v + 5 = -t - 2, 3*t - 24 = -3*v. Let b(s) = -s + 3. Let z be b(t). Determine d(z).
0
Let n(t) = 3*t + 3. Let i(f) = 10*f + 9. Let v(b) = -4*i(b) + 14*n(b). What is v(-4)?
-2
Suppose -2*z = u + 2*u - 5, 3*u = -4*z + 7. Let d = 450 + -152. Let c(o) = -d - 5*o + 298. Calculate c(u).
-5
Suppose p = 1, -c + p - 3 = -4. Let g(b) be the first derivative of 1/2*b**2 - b + 1 - 1/2*b**4 + 2/3*b**3. What is g(c)?
-7
Let t(c) be the first derivative of -2*c + 1/4*c**4 + 2 - c**3 + c**2. Calculate t(2).
-2
Let q(c) = 2*c**2 + 1 - c**2 - 3*c**3 + 0 - 2*c. Let v(n) = -n**2 + 7*n + 1. Let o be v(7). What is q(o)?
-3
Let c(n) be the third derivative of -n**5/60 + n**4/6 + n**3/6 + 24*n**2. Determine c(3).
4
Suppose -3*q = 3*q - q. Let l(w) = w**3 - w**2 - w - 3. Calculate l(q).
-3
Let i(z) be the second derivative of -z**5/20 + 5*z**4/12 - 5*z**3/6 + 5*z**2/2 + z. Let y = 2 + 14. Suppose -4*s + y = -0*s. What is i(s)?
1
Let r(d) be the first derivative of d**4/4 - d**2/2 + 46. Calculate r(2).
6
Let s = -7 + 11. Let w(g) be the third derivative of 0 - 5*g**2 + 0*g - 1/24*g**4 - 2/3*g**3. Calculate w(s).
-8
Let b(h) be the first derivative of 11*h**3/3 - h - 1. Calculate b(1).
10
Let x(v) = 3*v**3 - v**3 - 4*v**2 - v**3 - v**2 + 1 - 6*v. Let n(y) = -y**3 + 6*y**2 + 6. Let b be n(6). Determine x(b).
1
Suppose -8*q + 0*q = 672. Let s be (6/(-7))/(24/q). Let p(c) = -c**3 - c. Let t(k) = 5*k**3 + k**2 + 11*k - 3. Let l(z) = -6*p(z) - t(z). Give l(s).
6
Let d(x) = 6*x**2 + 5*x + 2. Let s = -3 + -2. Let f(u) = -5*u**2 - 4*u - 2. Let h(l) = s*f(l) - 4*d(l). Give h(-2).
6
Suppose -3*r + 23 + 4 = 0. Let q(w) = -w**2 + 10*w - 10. Let l be q(r). Let t(c) = 3*c**3 + 5*c**3 - c**2 - 3 - c + 2. Determine t(l).
-9
Let l(r) = -r + 1. Let t(n) be the third derivative of 0*n + 5/24*n**4 + 0 - 3*n**2 + 0*n**3. Let b(s) = 4*l(s) + t(s). What is b(-3)?
1
Let g(u) be the second derivative of -u**3/6 + u**2 + u. What is g(8)?
-6
Let u(o) = -3 + 8*o + 15*o - 22*o. Let s be 1*-2*(-3)/6. Let l be (-50)/(-8) + s/(-4). Give u(l).
3
Let z = -4 - 3. Let a(h) = h**2 + 4*h - 10. Give a(z).
11
Suppose 23 = -a + d - 6*d, 5*a = -3*d - 27. Let v(n) = n. Let q(k) = -1. Let c(p) = -5*p. Let y(l) = -c(l) - 3*q(l). Let f(j) = 3*v(j) - y(j). Determine f(a).
3
Let q(t) = -12*t**2 - 2*t**3 - t**3 + 2*t**2 - 10 + 7*t + 4*t**3. Let a be q(9). Let w be (4/7)/((-8)/a). Let n(k) = -3*k - 1. What is n(w)?
-7
Let t = 7 + -6. Let c(r) = -r - r - t + 3*r - 1. What is c(-2)?
-4
Suppose 9*c - 3 = 6*c. Let b(t) = -11*t. What is b(c)?
-11
Let l(m) = 2*m + 1. Let h = -11 + 9. Calculate l(h).
-3
Suppose 50 - 35 = 5*n. Let t(b) = -4*b + 4. Calculate t(n).
-8
Let m be -1*(-3 + (-1)/1 - 1). Let k(p) be the third derivative of -5/24*p**4 + 1/120*p**6 + 0*p + 1/3*p**3 + 0 - p**2 - 1/20*p**m. Give k(4).
-2
Let a(o) = o**3 + 4*o**2 + 2*o + 5. Let p be a(-4). Let v be -3 - (p + (2 - -1)). Let z(w) = -w**3 - 3*w**2 + 3*w + 4. Determine z(v).
-5
Let m(t) = t + 1. Let q(p) = -6*p**2 - 3*p - 5. Let z(b) = 4*m(b) + q(b). Give z(1).
-6
Let p(l) = -6 + 146*l**3 + 2 - 5*l**2 - 145*l**3. What is p(5)?
-4
Let o(m) = -m**2. Suppose 2*k - 21 = 5*p - 1, 0 = -2*p - 5*k + 21. Let v be o(p). Let q(d) = d**2 + 7*d + 5. Give q(v).
-7
Suppose -31 = -2*n - 5*q, q - 7 - 13 = -5*n. Suppose 0 = -8*j + n*j - 30. Let k(f) = 5*f - 7. Let w(g) = 10*g - 15. Let d(l) = j*w(l) + 13*k(l). Determine d(2).
9
Let l(p) be the second derivative of p**3/6 + p**2 + p. Suppose -f + 3 = -2*f. Calculate l(f).
-1
Let y(v) be the second derivative of v**3/6 - 3*v**2/2 - 9*v. Let u = -9 - -6. Calculate y(u).
-6
Let c(m) = -m**3 - 2*m**2 + 5*m + 6. Let s(y) = y**3 + y**2 - 4*y - 7. Let a(b) = 3*c(b) + 2*s(b). Determine a(-5).
-6
Let a = 6 - 9. Let t be -3 + a + (4 - 5). Let z(o) = -o - 10. Calculate z(t).
-3
Let d(h) = -2*h + 194 - 195 + h. What is d(-2)?
1
Suppose 3*o + 3*s = 28 - 7, -4*o = -s - 18. Let p(w) be the first derivative of -w**4/4 + 4*w**3/3 + 5*w**2/2 - 5*w + 181. Calculate p(o).
-5
Let v(h) = h**2 - 8*h - 2. Let f(p) = p**2 - 9*p - 2. Let m(o) = 5*f(o) - 6*v(o). What is m(4)?
-2
Let i(h) = -2*h**2 + 4*h + 1. Let v(k) = 2*k**2 - 5*k + 2. Let w(c) = 4*c**2 - 9*c + 3. Let m(t) = -5*v(t) + 3*w(t). Let a be m(2). Determine i(a).
-5
Let g be (-2)/(-6) + 18/27. Let k(r) = -r. Determine k(g).
-1
Let t(s) be the first derivative of -3*s**2/2 - 4*s - 12. Let y = 6 - 9. What is t(y)?
5
Let s(x) = 2*x + 5. Let c(q) = -q**2 + 9*q - 8. Let b be c(8). Let z = -5 + b. Let l be s(z). Let k(y) = -y - 6. Determine k(l).
-1
Let o(z) = 2*z - 8*z**3 - z**3 + 19*z**3 - 4*z**2 + 3 - 11*z**3. Suppose -a + 2*d = -2*a - 6, 0 = d + 1. Determine o(a).
-5
Let s(p) = p**3 - 3*p**2 + 2. Let j be s(3). Suppose -2*g - 2*w - 3 = 1, -j*g + 1 = w. Let c(u) = -u - 2 + 4 - g. Determine c(1).
-2
Suppose g - 3*g = 0. Let w = 2 + g. Let t(u) = -2*u - 2. What is t(w)?
-6
Let b(w) = 9*w - 1. Let n(u) = -u**3 - 3*u**2 + 3*u. Let t be n(-3). Let p be ((-25)/3)/((-3)/t). Let h be (-4)/(-14) - p/35. Give b(h).
8
Let a(v) be the third derivative of 1/6*v**3 + 5*v**2 + 1/120*v**6 - 1/6*v**4 + 0*v + 0 - 1/30*v**5. Give a(3).
-2
Suppose -4*c + 5*c - 33 = 0. Suppose -c = -4*j - 9. Let p(k) = 17*k + 4*k**2 - 4*k**2 - 24*k + k**2 + 6. What is p(j)?
0
Let g(a) = -6*a + a - 3 + 3*a. Let m be 0 - (-3 + -2)/((-10)/4). Determine g(m).
1
Suppose 5*m + 4*y = 24, -3*y = 2*m - 4*y - 20. Let q(u) = 1 + 1 - 9*u + m*u. Suppose -30 = 2*r - 7*r. Determine q(r).
-4
Let t(b) be the third derivative of b**5/60 - b**4/24 + b**3/6 + 17*b**2. What is t(3)?
7
Suppose 0 = 3*v - v - 8. Let g(l) be the second derivative of -l**4/12 + 5*l**3/6 - l**2 + 2*l. Calculate g(v).
2
Let p(j) = j + 2. Let k(c) = 7*c + 15. Let x(o) = k(o) - 5*p(o). Give x(-4).
-3
Let f(l) = -2 - 1 - 4*l + 7*l + 6 + 7*l**2. Let x(a) = -8*a**2 - 4*a - 4. Let m(q) = 7*q**2 - q. Let s be m(1). Let d(k) = s*f(k) + 5*x(k). Give d(2).
2
Let u(w) = 2*w - 15. Let f be u(9). Let m(h) = -4*h**3 - 98*h + 3*h**3 + 100*h - f*h**2. Determine m(-3).
-6
Let r(a) = -3*a**2 + 4*a - 2. Suppose 3*g + 0*g = 63. Suppose 4*b - 22 - 2 = -2*w, 5*b - g = 2*w. Give r(w).
-6
Let b = 55 + -52. Let y(l) be the second derivative of 5/6*l**b - 1/12*l**4 - 5/2*l**2 + 0 - 3*l. What is y(4)?
-1
Let s = -10 - -13. Let i be (s/6)/(1/2). Let n(p) = p + i + 0 - 1 + 2. What is n(-4)?
-2
Let q(x) = -x**2 - 5*x + 8. Let t = -15 + 9. Let u be q(t). Let r(c) = c**3 - 3*c**2 + 2*c - 3. Determine r(u).
-3
Suppose 5*m + 10 = -10. Let z = m - -4. Let g(w) = -2*w - 1 + 4 - w + z*w. What is g(2)?
-3
Suppose -d + 4*d - 6 = 0. Let t(o) = -o + 4 - d + 3. Suppose -q + 12 - 2 = 5*v, 2*q = -10. What is t(v)?
2
Let a(b) = -b**2 - 11*b - 11. Let u be a(-9). Let x(z) = -1 + z - u + 7. Let m(l) = l**3 - 6*l**2 + 4*l + 1. Let j be m(5). Calculate x(j).
-5
Let n(i) be the third derivative of 0*i**4 + 1/120*i**5 - 2*i**2 + 0 + 1/6*i**3 + 0*i. Let q(r) be the first derivative of n(r). Give q(-1).
-1
Let k = -6 - -6. Let i(u) be the third derivative of -u**5/60 - 7*u**3/6 - 4*u**2. Give i(k).
-7
Let s(h) = 6 + 11*h + 19*h - 33*h. Calculate s(6).
-12
Suppose 5*b = s + 7, -6*s + 3*s + 17 = 4*b. Suppose 3*x = x - b. Let f(c) = -10*c - 4. Let g(m) = 20*m + 9. Let w(d) = -7*f(d) - 3*g(d). Give w(x).
-9
Let l(j) be the second derivative of j**4/4 + j**3/6 - j**2/2 - 7*j. Give l(-2).
9
Let i(q) = -3*q**3 + 6*q. Let c(s) = -3*s**3 + 5*s. Let u(r) = -6*c(r) + 5*i(r). Give u(-1).
-3
Let i(j) = -4*j**3 + 5*j**2 - 19*j + 14. Let h(m) = -m**3 + 2*m**2 - 6*m + 5. Let s(t) = 7*h(t) - 2*i(t). Calculate s(-5).
2
Suppose 6 = 3*p - 3. Let v(u) = p*u + 0*u - 4*u. Let j be 32/(-15) + 64/480. Determine v(j).
2
Let b(r) be the first derivative of 1 - 3/2*r**2 - 5*r. Calculate b(-5).
10
Let p(l) = -l**2 - 7*l - 4. Let q be ((-4)/5)/(8/(-20)). Suppose 1 = q*x + 11. Give p(x).
6
Let z be (0 + 0)/(10 - 9). Let x(w) = -4 + z*w + w**2 + 0*w**2 - 2*w + 0*w. What is x(3)?
-1
Let o(r) = r. Let n be (-8)/(-12)*(-15)/(-2). Suppose 4*d = 3*t - 6, n*d + 0*t + 2 = t. What is o(d)?
0
Let b(d) = -d - 5. Let p be 2/(-4)*(2 - 2). Suppose p = k - 2*l - 6, 2*k + 3